[INFO] fetching crate libp2p-identify 0.21.0...
[INFO] checking libp2p-identify-0.21.0 against try#72f88fc4e9458f89516a0b8b0868f3718aec5b47 for pr-74989
[INFO] extracting crate libp2p-identify 0.21.0 into /workspace/builds/worker-10/source
[INFO] validating manifest of crates.io crate libp2p-identify 0.21.0 on toolchain 72f88fc4e9458f89516a0b8b0868f3718aec5b47
[INFO] running `Command { std: "/workspace/cargo-home/bin/cargo" "+72f88fc4e9458f89516a0b8b0868f3718aec5b47" "read-manifest" "--manifest-path" "Cargo.toml", kill_on_drop: false }`
[INFO] started tweaking crates.io crate libp2p-identify 0.21.0
[INFO] finished tweaking crates.io crate libp2p-identify 0.21.0
[INFO] tweaked toml for crates.io crate libp2p-identify 0.21.0 written to /workspace/builds/worker-10/source/Cargo.toml
[INFO] running `Command { std: "/workspace/cargo-home/bin/cargo" "+72f88fc4e9458f89516a0b8b0868f3718aec5b47" "generate-lockfile" "--manifest-path" "Cargo.toml" "-Zno-index-update", kill_on_drop: false }`
[INFO] running `Command { std: "/workspace/cargo-home/bin/cargo" "+72f88fc4e9458f89516a0b8b0868f3718aec5b47" "fetch" "--locked" "--manifest-path" "Cargo.toml", kill_on_drop: false }`
[INFO] running `Command { std: "docker" "create" "-v" "/var/lib/crater-agent-workspace/builds/worker-10/target:/opt/rustwide/target:rw,Z" "-v" "/var/lib/crater-agent-workspace/builds/worker-10/source:/opt/rustwide/workdir:ro,Z" "-v" "/var/lib/crater-agent-workspace/cargo-home:/opt/rustwide/cargo-home:ro,Z" "-v" "/var/lib/crater-agent-workspace/rustup-home:/opt/rustwide/rustup-home:ro,Z" "-e" "SOURCE_DIR=/opt/rustwide/workdir" "-e" "CARGO_TARGET_DIR=/opt/rustwide/target" "-e" "CARGO_HOME=/opt/rustwide/cargo-home" "-e" "RUSTUP_HOME=/opt/rustwide/rustup-home" "-w" "/opt/rustwide/workdir" "-m" "1610612736" "--user" "0:0" "--network" "none" "rustops/crates-build-env@sha256:d92eaeed33fa75130ca1ee6c8a01d1ffb62bac859dfdfb3450e3e5d1c0146529" "/opt/rustwide/cargo-home/bin/cargo" "+72f88fc4e9458f89516a0b8b0868f3718aec5b47" "metadata" "--no-deps" "--format-version=1", kill_on_drop: false }`
[INFO] [stdout] 81acbab9e24c9ca58e1481dd95ea4639b21b63527bc92fd1fdff5b6322681caf
[INFO] [stderr] WARNING: Your kernel does not support swap limit capabilities or the cgroup is not mounted. Memory limited without swap.
[INFO] running `Command { std: "docker" "start" "-a" "81acbab9e24c9ca58e1481dd95ea4639b21b63527bc92fd1fdff5b6322681caf", kill_on_drop: false }`
[INFO] running `Command { std: "docker" "inspect" "81acbab9e24c9ca58e1481dd95ea4639b21b63527bc92fd1fdff5b6322681caf", kill_on_drop: false }`
[INFO] running `Command { std: "docker" "rm" "-f" "81acbab9e24c9ca58e1481dd95ea4639b21b63527bc92fd1fdff5b6322681caf", kill_on_drop: false }`
[INFO] [stdout] 81acbab9e24c9ca58e1481dd95ea4639b21b63527bc92fd1fdff5b6322681caf
[INFO] running `Command { std: "docker" "create" "-v" "/var/lib/crater-agent-workspace/builds/worker-10/target:/opt/rustwide/target:rw,Z" "-v" "/var/lib/crater-agent-workspace/builds/worker-10/source:/opt/rustwide/workdir:ro,Z" "-v" "/var/lib/crater-agent-workspace/cargo-home:/opt/rustwide/cargo-home:ro,Z" "-v" "/var/lib/crater-agent-workspace/rustup-home:/opt/rustwide/rustup-home:ro,Z" "-e" "SOURCE_DIR=/opt/rustwide/workdir" "-e" "CARGO_TARGET_DIR=/opt/rustwide/target" "-e" "CARGO_INCREMENTAL=0" "-e" "RUST_BACKTRACE=full" "-e" "RUSTFLAGS=--cap-lints=forbid" "-e" "CARGO_HOME=/opt/rustwide/cargo-home" "-e" "RUSTUP_HOME=/opt/rustwide/rustup-home" "-w" "/opt/rustwide/workdir" "-m" "1610612736" "--user" "0:0" "--network" "none" "rustops/crates-build-env@sha256:d92eaeed33fa75130ca1ee6c8a01d1ffb62bac859dfdfb3450e3e5d1c0146529" "/opt/rustwide/cargo-home/bin/cargo" "+72f88fc4e9458f89516a0b8b0868f3718aec5b47" "check" "--frozen" "--all" "--all-targets" "--message-format=json", kill_on_drop: false }`
[INFO] [stdout] 585114f77dd8167c88b9acf811447611d88ad2dc619d244324374bf772687568
[INFO] [stderr] WARNING: Your kernel does not support swap limit capabilities or the cgroup is not mounted. Memory limited without swap.
[INFO] running `Command { std: "docker" "start" "-a" "585114f77dd8167c88b9acf811447611d88ad2dc619d244324374bf772687568", kill_on_drop: false }`
[INFO] [stderr]     Checking futures-core v0.3.5
[INFO] [stderr]     Checking futures-io v0.3.5
[INFO] [stderr]     Checking once_cell v1.4.1
[INFO] [stderr]     Checking cache-padded v1.1.1
[INFO] [stderr]     Checking instant v0.1.6
[INFO] [stderr]     Checking pin-project-lite v0.1.7
[INFO] [stderr]     Checking async-task v3.0.0
[INFO] [stderr]     Checking atomic-waker v1.0.0
[INFO] [stderr]     Checking parking v1.0.6
[INFO] [stderr]     Checking scoped-tls v1.0.0
[INFO] [stderr]     Checking lock_api v0.4.1
[INFO] [stderr]     Checking async-mutex v1.3.0
[INFO] [stderr]     Checking log v0.4.11
[INFO] [stderr]     Checking socket2 v0.3.15
[INFO] [stderr]     Checking parking_lot_core v0.8.0
[INFO] [stderr]     Checking concurrent-queue v1.2.2
[INFO] [stderr]     Checking futures-channel v0.3.5
[INFO] [stderr]     Checking futures-lite v0.1.11
[INFO] [stderr]     Checking futures-task v0.3.5
[INFO] [stderr]     Checking async-channel v1.4.2
[INFO] [stderr]     Checking multitask v0.2.0
[INFO] [stderr]     Checking polling v0.1.9
[INFO] [stderr]     Checking kv-log-macro v1.0.7
[INFO] [stderr]     Checking parking_lot v0.11.0
[INFO] [stderr]    Compiling prost-build v0.6.1
[INFO] [stderr]     Checking futures-util v0.3.5
[INFO] [stderr]     Checking async-io v0.1.11
[INFO] [stderr]     Checking blocking v0.5.2
[INFO] [stderr]     Checking async-executor v0.1.2
[INFO] [stderr]     Checking async-std v1.6.3
[INFO] [stderr]    Compiling libp2p-core v0.21.0
[INFO] [stderr]    Compiling libp2p-identify v0.21.0 (/opt/rustwide/workdir)
[INFO] [stderr]     Checking futures-executor v0.3.5
[INFO] [stderr]     Checking futures v0.3.5
[INFO] [stderr]     Checking rw-stream-sink v0.2.1
[INFO] [stderr]     Checking multistream-select v0.8.2
[INFO] [stderr]     Checking wasm-timer v0.2.5
[INFO] [stderr]     Checking libp2p-swarm v0.21.0
[INFO] [stdout] error[E0432]: unresolved import `libp2p_tcp`
[INFO] [stdout]    --> src/identify.rs:280:9
[INFO] [stdout]     |
[INFO] [stdout] 280 |     use libp2p_tcp::TcpConfig;
[INFO] [stdout]     |         ^^^^^^^^^^ use of undeclared type or module `libp2p_tcp`
[INFO] [stdout] 
[INFO] [stdout] 
[INFO] [stdout] error[E0432]: unresolved import `libp2p_secio`
[INFO] [stdout]    --> src/identify.rs:281:9
[INFO] [stdout]     |
[INFO] [stdout] 281 |     use libp2p_secio::SecioConfig;
[INFO] [stdout]     |         ^^^^^^^^^^^^ use of undeclared type or module `libp2p_secio`
[INFO] [stdout] 
[INFO] [stdout] 
[INFO] [stdout] error[E0432]: unresolved import `libp2p_mplex`
[INFO] [stdout]    --> src/identify.rs:283:9
[INFO] [stdout]     |
[INFO] [stdout] 283 |     use libp2p_mplex::MplexConfig;
[INFO] [stdout]     |         ^^^^^^^^^^^^ use of undeclared type or module `libp2p_mplex`
[INFO] [stdout] 
[INFO] [stdout] 
[INFO] [stdout] error[E0432]: unresolved import `libp2p_tcp`
[INFO] [stdout]    --> src/protocol.rs:210:9
[INFO] [stdout]     |
[INFO] [stdout] 210 |     use libp2p_tcp::TcpConfig;
[INFO] [stdout]     |         ^^^^^^^^^^ use of undeclared type or module `libp2p_tcp`
[INFO] [stdout] 
[INFO] [stdout] 
[INFO] [stdout] warning: unused import: `prelude`
[INFO] [stdout]    --> src/protocol.rs:211:19
[INFO] [stdout]     |
[INFO] [stdout] 211 |     use futures::{prelude::*, channel::oneshot};
[INFO] [stdout]     |                   ^^^^^^^
[INFO] [stdout]     |
[INFO] [stdout]     = note: `#[warn(unused_imports)]` on by default
[INFO] [stdout] 
[INFO] [stdout] 
[INFO] [stdout] warning: unused import: `Transport`
[INFO] [stdout]    --> src/protocol.rs:214:9
[INFO] [stdout]     |
[INFO] [stdout] 214 |         Transport,
[INFO] [stdout]     |         ^^^^^^^^^
[INFO] [stdout] 
[INFO] [stdout] 
[INFO] [stdout] error: aborting due to 4 previous errors; 2 warnings emitted
[INFO] [stdout] 
[INFO] [stdout] 
[INFO] [stdout] For more information about this error, try `rustc --explain E0432`.
[INFO] [stdout] 
[INFO] [stderr] error: could not compile `libp2p-identify`.
[INFO] [stderr] 
[INFO] [stderr] To learn more, run the command again with --verbose.
[INFO] [stderr] warning: build failed, waiting for other jobs to finish...
[INFO] [stderr] error: build failed
[INFO] running `Command { std: "docker" "inspect" "585114f77dd8167c88b9acf811447611d88ad2dc619d244324374bf772687568", kill_on_drop: false }`
[INFO] running `Command { std: "docker" "rm" "-f" "585114f77dd8167c88b9acf811447611d88ad2dc619d244324374bf772687568", kill_on_drop: false }`
[INFO] [stdout] 585114f77dd8167c88b9acf811447611d88ad2dc619d244324374bf772687568
